3 - 1 - (-40 + 52 + -23))
17
6 + 153 + -132 + (-2 - -77) + -10
92
What is the value of 15 - (-6 + (3 - 8) + 0) - -9?
35
Evaluate 37 - (1 + -3 + -51 + (84 - 38)).
44
Evaluate -19 - ((7 + -58 - -22) + 18).
-8
What is the value of (-24 - -39 - (-11 + -3)) + 11 + -3 + 0?
37
-103 - (-6 + -73) - 13
-37
Calculate -3032 - -3035 - (-2 - (-1 - 3)).
1
Evaluate 77 + -211 + 143 + (-3 - 64 - -4) + 0.
-54
What is the value of (-138 - (-39 - 91)) + (-78 - 1) + 1?
-86
Calculate 14 - ((2 - (9 + -6)) + (98 + -3 - -2)).
-82
What is the value of -7 - -5 - (8 + -38 - 2) - -1?
31
Calculate 56 + 2 - (-2266 + 2297).
27
What is 36 + 13 + 1 + -13 + 20 + -9?
48
What is the value of (-32 - (-40 - -24)) + 74 + (-18 - -1)?
41
What is 9 + -33 - -20 - (2 + 12 - 3)?
-15
What is (10 + -12 + 11 - (7 - -6)) + -10 + 6?
-8
What is the value of 48 + -18 + 60 + -41?
49
What is (-74 - 3) + -10 + (10 + 27 - 10)?
-60
Evaluate -41 - 14 - -7 - -27.
-21
Evaluate 19 - (-5 - (4 - -5)) - (-9 + 13).
29
Evaluate (-7 - (-17 - (2 + -9 - -12))) + -57.
-42
Calculate 3 + -14 + (81 - 65) + (6 - 14).
-3
What is (-10 - (-12 + 16)) + 19 - (42 - (-12 + 3))?
-46
Calculate 1 + 5 - (6 + 4) - (13 - (13 - 3)).
-7
Evaluate -9 - ((8 - 2) + -2 - 14) - (4 + 70).
-73
Evaluate -27 - 18 - 17 - -66.
4
-10 - (3 - (-11 - -7) - 20) - -17
20
What is the value of -20 - (-37 - (13 - 35))?
-5
What is (-83 - -46) + -12 + 30?
-19
-22 - 1 - (-113 - -53 - -35)
2
Calculate -34 + 0 + (-48 + 22 - -50 - (0 + 14)).
-24
(12 - ((-86 - -24) + -7)) + -22
59
What is -12519 + 12524 + (-138 - -3) + -1 + 1 + 1?
-129
What is -42 + 12 - -26 - -32 - -50?
78
Evaluate (-46 + (1 - -42) - -5) + 1 + 29.
32
Calculate -22 + (-28 + 55 - -13).
18
6 - 2 - (269 - 203)
-62
Evaluate 45 + -32 + 36 + 3 + -9.
43
What is 22 - (92 + (-48 - -2))?
-24
Calculate 2 + 3 + 45 + -67 - -5.
-12
What is -51 + ((27 - 11) + 8 - 12) + -2 + 8?
-33
What is -21 - (-66 + 80 + -1 + -12)?
-22
Evaluate (-16 - -19) + -4 - (3 - (1 + (20 - 3))).
14
What is (-24 + 2 + 37 + -3 - 18) + -97?
-103
Calculate -10 + 5 + -3 + (-1 - (2 + -8) - 6).
-9
9 + (-7 - 27 - -23) + -36
-38
Evaluate -1 + -1 + 0 - (42515 + -42534).
17
Calculate 15 + 0 + -3 + -19 + -1 + 40.
32
(-11 - 7) + (-18 - 40 - -41) - (-1 + -8)
-26
Evaluate -19 + (28 - (-4 + 9) - 10).
-6
Calculate -32 + (-15 - 0) + 5.
-42
Calculate 45 + -65 + -37 + 29.
-28
What is the value of 3 + 36 - 2 - (-5193 - -5179)?
51
What is 88 + (1 - (-12 - -5) - (35 - 37) - -4)?
102
What is (15 + 0 - 3) + -15 - 53 - 20?
-76
What is 31 + -48 + 47 + 12?
42
What is (-7 - (-3 - 25)) + -32 + 16?
5
Calculate -16216 - -16243 - (167 - (4 - 2)).
-138
-29 + 1 - (1690 - 1794) - (22 + -1)
55
Evaluate 185 + -211 - (-1 - 2 - -17).
-40
What is -4 + 62 + (-4 + -11 + -2 - -3)?
44
Calculate -46 - -78 - 30 - (-54 - 4).
60
What is the value of 0 + -4 + (-45 - -18) - 5 - -3?
-33
What is -15 - (1 - (7 - (1 - -4))) - -8?
-6
What is 22 + 3 - (-599 + 602)?
22
What is the value of 15 + (-18 + 25 - -27) - -23?
72
Evaluate -15 - ((14 - 160) + 77).
54
Calculate -9 + -2 + (-3 - -27) + (-5 - -2 - 0).
10
What is 6 + -6 + 6 + (49 - 64)?
-9
Evaluate -52 - (-85 + 31) - -47.
49
What is (-28 - (-19 + 21 - 16)) + 55?
41
What is -94 - (-52 - -39) - -30?
-51
What is the value of 2 - 14 - (14 - (-21 + (-13 - (-5 - -20))))?
-75
Calculate -36 - 6 - (-31 + -61).
50
Evaluate (87 - (-74 + 89)) + -39.
33
What is the value of 5 + -4 + 0 - (-13 - -3 - -12)?
-1
What is the value of (-26 - -8) + -54 + 81 + (-1 - (-44 + -2))?
54
What is 42 - (-28 - (-60 - -28 - -35))?
73
-21 - (14 - (20 + 17 - 14))
-12
11 + (3 - 4) - (12 - (36 - 16 - -1))
19
-51 - -35 - (38 - (0 + -5))
-59
What is the value of 76 + -12 + (-31 - 20)?
13
Calculate (4 - (11 + 2) - 7) + -188 + 207.
3
What is the value of 25 + (3 - 9 - -10) + -59 + 66?
36
Calculate -21 + (-67 - (-58 - -33)).
-63
Evaluate -160 - ((4 - -1 - -3) + (-24 - 6)).
-138
-63 - -187 - -5 - 58
71
Evaluate -34 + (0 + -2 - (-19 + 17)) + 10.
-24
Evaluate (-101 + 41 - -57) + (-1 - -22).
18
What is (32 - 2) + 6880 + -6803?
107
What is the value of 0 - 51 - (-2 + (-17 + 19 - (7 + 0)))?
-44
Evaluate -162 - -167 - (4 + (8 - 4) + -2).
-1
Evaluate 28 - 3 - 34 - 27.
-36
Calculate (-23 - -18) + 17 + (1 - (5 + 0)) + 104.
112
What is the value of -9 - (40 - 54 - 37)?
42
What is 17 + -10 - (629 + -756)?
134
What is 37 + (-45 - (48 + -105))?
49
Calculate -6 + -2 + 5 + 15 + 89 + -96 - 0.
5
Evaluate (40 - (-198 + 185 + (17 - 1)) - -10) + -4.
43
3 + -56 - (-9 - (0 + 12 + -9) - -13)
-54
154 + -93 + 35 - 105
-9
Evaluate -40 + (15 - (17 + (4 - -13) + -12)).
-47
(-3 - (5 - 10)) + -9 + 1 + 24
18
13798 + -13775 + (9 - -1 - 0) - -15
48
What is the value of -1 - -53 - (6 - (22 - 19) - -9)?
40
What is the value of (-13 - (-8 + 0)) + (-8 - (-35 + 8))?
14
What is the value of -2 + 0 + 5 + (59 - 59) + 5?
8
What is 4208 + -4253 - (1 - 47)?
1
9 + ((-14 - (-2 + -11)) + 2 + -18 - 7)
-15
What is 38 + -44 + -5 + -18?
-29
Calculate 14 + -31 + -44 + 70.
9
Evaluate -18 + 15 + 28 + 44 + 23.
92
Evaluate 28 + (9 + -11 + -3 + 17 - 16).
24
Evaluate (2 - (1 + -5)) + (-2 - 15) + (458 - 440).
7
Calculate -16 + 21 + 45 + -31 + 38.
57
What is 9 + (-6 - 14) + -5 + 59 - -12?
55
What is the value of (-321 + 253 - -78) + (1 - (-73 + 0))?
84
(10 - 0 - 3 - (1 + -4)) + -2
8
2 - (-2 - -23) - (829 + -868)
20
Calculate (-100 - 54) + -222 + 282.
-94
What is -70 - 1 - (6 + -7 + (1 - 3) - 6)?
-62
Evaluate 5 + 15 + (-25 - -11) + -46.
-40
Calculate -4 + (-67 + 114 - 57).
-14
What is the value of 3175 + -3182 + 2 + -4 + -1 + 76?
66
Calculate -37 + -58 + -76 + 112.
-59
What is the value of 83 + -54 + 18 - 10?
37
3 + 3 - (-3 + 2 - (92 - 108))
-9
Evaluate (-39 - -48) + 15 - (3 - (0 + -3)).
18
5 - (36 + 8 + 2 + 0)
-41
Evaluate -572 + 659 - (-3 + 1 - (8 - (2 - 6))).
101
-77 - (128 - 164) - (-2 - (-17 - -2))
-54
What is -22 + (-10 - -16) + 14 - (-1 + 11)?
-12
Calculate -1128 - -1081 - (-27 + -5 + -5).
-10
What is 61 + (-39 - 19) + 24 + 20?
47
What is (-32 - (59 + -34 - 42)) + -77?
-92
7 - (21 + (-4 - 9)) - (45 + -2)
-44
What is the value of (-6 - -8) + 11 + (15 - (20 + -15))?
23
Calculate -42 + 64 - 5 - (-4 - -53).
-32
What is (116 - 99) + 2 + -28 + (-6 - -11 - -5)?
1
Calculate -1 - 1 - (3 - 135) - (-584 + 70 - -504).
140
What is 11 - (-9 - -20 - ((3 - 1) + -1))?
1
Calculate (-7 - -11) + (58 - -27) + 24.
113
What is the value of -14 - 6 - (350 + -430)?
60
93 + (-14 - 42) - -2
39
3 - 16 - (11 - (29 + -17)) - -18
6
-20 + (-1 - -24) + 15
18
Evaluate (-149 - -166) + (-3 - 1) - (8 - (3 - -1)).
9
What is 67 + (-8 - -19 - 12) + (4 - 22 - -19)?
67
Calculate -69 + 6 + -15 + 4 + (8 - 7).
-73
What is the value of -5 + 10 - 4 - (22 + -98 + 97)?
-20
What is (-8 + -20 + 40 - 19) + 1?
-6
-53 + 25 + 34 + -1 + -120
-115
What is (-174 - (-103 - -46)) + 58?
-59
-16 - (-26 - 54 - -27)
37
Calculate (-12 + 3 - 8) + 0 + -30 + -4.
-51
Evaluate 17 + (-36 - -33) - (-28 - -10).
32
Evaluate 40 + (-52 - 11 - -8).
-15
What is 11 + -60 + -4 + 77?
24
What is the value of -131 - (-23 + -99 - 46)?
37
(-1 - (-1 + 10) - -12) + 3 + 3 + -58
-50
-67 + (-545 - -557 - (-10 - -1))
-46
-141 - -95 - (-21 - 15)
-10
Calculate (-394 - -222) + (101 - 19).
-90
Evaluate (179 - 5) + -34 + 48 + -36 - 19.
133
Evaluate -8 + 2 - (3 - 70 - -84).
-23
What is -13 - (-8 - -1) - (313 - 320)?
1
-40 + (-12 - (-56 - -42))
-38
-52 + -61 + 352 + -264
-25
What is the value of 75 + 1 + -2 + (-36 - (-76 - -51) - 0)?
63
What is (-22 - (16 - 37)) + -1 + 5?
3
Calculate (37 - (-5 + 2)) + -1 + 1 - 18.
22
What is the value of (17 - 12) + 15 + (18 - 11 - 3)?
24
What is the value of -22 + 27 - 11 - (5 + -28)?
17
Evaluate 151 - (-15 + 91) - (1 - -33).
41
Calculate -5 - (2 - 2) - 51 - (-223 - -209).
-42
3 - (0 - ((-38 - -32) + (0 - -1))) - 13
-15
What is (-15 - (-6 - 9)) + 1 - -17?
18
What is (-24 - -36) + (-2 + 4 - (-16 + -92 - -27))?
95
Evaluate (-63259 - -63265) + (1 + -77 - 0).
-70
20 + -116 - ((-5 - 0) + -5 + 13)
-99
What is the value of -57 + (-19 - -112) + -66?
-30
Calculate (-7 - (-14 + 25)) + 54 + -12.
24
Evaluate (27 - (-7 - 4)) + (-112 - -134).
60
What is the value of (-85 - -66) + (7 - -24 - -8)?
20
Calculate -7 + (7 - (-2 + 3) - -13) - -13.
25
199 + -94 - 116 - 84
-95
22 + (-109 - -53) + (7 - 2)
-29
What is the value of 239 - 245 - ((-70 - (2 - 6)) + 1)?
59
Calculate (-10 - 1) + (-86 + 174 - 66).
11
Wha